 is 39bb (base 12) in base 11?
4a81
Convert -13737 (base 8) to base 4.
-1133133
Convert -36688 (base 9) to base 12.
-122bb
54507 (base 10) to base 2
1101010011101011
Convert 220 (base 4) to base 5.
130
What is 30ea (base 15) in base 11?
7855
Convert -24567 (base 9) to base 5.
-1012004
What is 2466 (base 10) in base 16?
9a2
What is 406 (base 16) in base 2?
10000000110
Convert 2012 (base 3) to base 10.
59
Convert -211020 (base 4) to base 9.
-3230
-110110001111001 (base 2) to base 3
-1102002111
10111110 (base 2) to base 15
ca
46a0 (base 11) to base 4
1200100
Convert -100 (base 4) to base 14.
-12
Convert -50 (base 6) to base 10.
-30
3da9 (base 15) to base 16
3399
What is -11351 (base 9) in base 15?
-23a4
Convert -576 (base 11) to base 14.
-372
What is 23a (base 14) in base 4?
12330
Convert 1366 (base 7) to base 10.
538
-3837 (base 10) to base 9
-5233
What is 512444 (base 6) in base 16?
9f4c
What is 421 (base 7) in base 8?
323
51142 (base 6) to base 9
10238
2430234 (base 5) to base 13
17a4c
-305053 (base 7) to base 5
-3132144
Convert -125 (base 12) to base 7.
-335
Convert 1010010001101 (base 2) to base 15.
185b
Convert -1a61 (base 13) to base 12.
-2366
1136 (base 7) to base 2
110100011
-2021020 (base 3) to base 6
-11353
5350 (base 6) to base 3
1200010
What is -35154 (base 6) in base 12?
-2aba
-111110101000001 (base 2) to base 4
-13311001
What is -1042 (base 5) in base 3?
-12110
Convert -20313110 (base 4) to base 9.
-54722
406 (base 8) to base 16
106
-10001101111111 (base 2) to base 7
-35331
What is -111021202 (base 3) in base 5?
-302221
Convert 302 (base 10) to base 7.
611
Convert 100100101011 (base 2) to base 5.
33342
4930 (base 14) to base 11
9670
What is -1031 (base 9) in base 12?
-531
Convert -13552 (base 6) to base 14.
-b00
What is -42 (base 5) in base 13?
-19
-24204 (base 5) to base 15
-804
What is 19606 (base 12) in base 2?
1001000100100110
What is -348 (base 14) in base 7?
-1621
What is 522 (base 12) in base 6?
3242
Convert -15100 (base 8) to base 9.
-10186
Convert -56 (base 11) to base 7.
-115
What is -14216 (base 8) in base 14?
-2410
What is 179 (base 11) in base 6?
543
Convert 113300 (base 5) to base 6.
31240
Convert -100011000101111 (base 2) to base 5.
-1033332
-2372 (base 15) to base 13
-3575
-41a61 (base 12) to base 2
-10101000010101001
633 (base 9) to base 12
370
Convert -2101340 (base 5) to base 6.
-424055
198 (base 11) to base 7
444
-2301323 (base 4) to base 3
-120121202
-2353 (base 10) to base 14
-c01
Convert 30103 (base 5) to base 4.
131233
3332003 (base 4) to base 13
7529
Convert -30203 (base 4) to base 5.
-11203
Convert 223 (base 10) to base 16.
df
What is 1468 (base 14) in base 7?
13361
10 (base 12) to base 15
c
-374 (base 12) to base 8
-1010
1002021 (base 3) to base 5
11130
Convert 1350432 (base 6) to base 10.
76628
-6004 (base 7) to base 6
-13314
-61314 (base 9) to base 13
-1549c
Convert -6657 (base 8) to base 3.
-11210202
What is -1058 (base 10) in base 9?
-1405
Convert 110330 (base 4) to base 7.
3623
What is 2031102 (base 4) in base 8?
21522
-41433 (base 8) to base 11
-119a8
What is -20434 (base 5) in base 4?
-111121
What is -22110102 (base 3) in base 11?
-46a7
-1226 (base 9) to base 7
-2445
Convert 110100000 (base 2) to base 8.
640
What is -3f8 (base 16) in base 9?
-1348
What is -110010001 (base 3) in base 5?
-240310
Convert 465 (base 9) to base 13.
236
Convert 48aa (base 12) to base 5.
230234
10001202 (base 3) to base 2
100010111010
1043434 (base 5) to base 13
8623
Convert 200552 (base 7) to base 4.
20101220
Convert 22100221 (base 3) to base 8.
13724
What is 5431 (base 7) in base 9?
2577
Convert 1220232 (base 4) to base 11.
5043
What is -287 (base 10) in base 8?
-437
1055 (base 6) to base 16
fb
2954 (base 13) to base 14
2276
Convert 343 (base 6) to base 13.
a5
What is 64a2 (base 11) in base 2?
10000110000110
Convert 33620 (base 8) to base 10.
14224
What is -103502 (base 6) in base 8?
-20636
685 (base 10) to base 2
1010101101
Convert 1101110000010 (base 2) to base 12.
40aa
Convert -13313 (base 4) to base 14.
-27d
-13240 (base 8) to base 15
-1ab2
What is -11011011010 (base 2) in base 7?
-5054
-123646 (base 7) to base 9
-34447
Convert 3252 (base 7) to base 4.
102030
100001111001 (base 2) to base 6
14013
What is -142 (base 5) in base 16?
-2f
-234 (base 10) to base 13
-150
101100011111 (base 2) to base 15
c9c
Convert -4089 (base 13) to base 12.
-5199
1476 (base 8) to base 3
1010202
What is -1 (base 15) in base 14?
-1
What is -4d7 (base 14) in base 11?
-805
-34033 (base 5) to base 6
-15025
2c7 (base 16) to base 10
711
What is 24554 (base 11) in base 7?
204554
What is -11221 (base 7) in base 6?
-21121
What is 1d4b (base 14) in base 3?
21100111
What is 11121111 (base 3) in base 5?
101421
-d168 (base 14) to base 13
-134a2
What is -1011002 (base 3) in base 16?
-347
What is -784 (base 10) in base 2?
-1100010000
What is 612 (base 16) in base 5?
22204
Convert -762 (base 8) to base 2.
-111110010
What is 4056 (base 9) in base 6?
21423
Convert -130440 (base 5) to base 7.
-20633
What is 4522 (base 6) in base 2?
10000100010
Convert -210210 (base 3) to base 9.
-723
32014 (base 5) to base 10
2134
Convert 425 (base 6) to base 14.
b7
854 (base 15) to base 13
b17
What is 16706 (base 8) in base 14?
2ac6
What is 1189 (base 12) in base 2?
11110111001
Convert 1dd (base 14) to base 15.
1b1
-4143 (base 5) to base 14
-2b2
What is -7475 (base 8) in base 15?
-1251
-122001 (base 3) to base 11
-389
What is 203221 (base 4) in base 16?
8e9
54042 (base 6) to base 11
55a0
1194 (base 10) to base 8
2252
Convert -18e8 (base 15) to base 14.
-1d73
Convert 20751 (base 10) to base 5.
1131001
What is -15267 (base 11) in base 4?
-11101223
-21818 (base 9) to base 7
-60215
Convert 290 (base 16) to base 7.
1625
-c08 (base 16) to base 3
-11020002
133e (base 15) to base 13
1b41
Convert 1050 (base 11) to base 16.
56a
Convert -7013 (base 8) to base 2.
-111000001011
Convert a648 (base 13) to base 12.
11404
Convert -1010 (base 3) to base 15.
-20
-76 (base 14) to base 13
-80
-121032 (base 4) to base 15
-729
Convert 560 (base 11) to base 2.
1010011111
What is 3110403 (base 5) in base 2?
1100011000101000
-23020 (base 7) to base 13
-2878
-6cb2 (base 15) to base 14
-85d3
What is -201102 (base 4) in base 12?
-1296
-2e16 (base 15) to base 7
-40632
1110100001001 (base 2) to base 13
34ca
What is 303210 (base 6) in base 16?
5df6
344 (base 14) to base 4
22020
30131 (base 4) to base 13
494
What is -544 (base 7) in base 10?
-277
What is -43770 (base 9) in base 8?
-70605
Convert -2216 (base 8) to base 11.
-970
1113102 (base 4) to base 15
19c6
7a0 (base 14) to base 7
4260
What is 344203 (base 5) in base 12?
7238
194 (base 14) to base 15
16b
What is -219 (base 16) in base 3?
-201220
8261 (base 9) to base 7
23431
Convert 1ba (base 12) to base 15.
141
dc (base 14) to base 2
11000010
What is -110232 (base 4) in base 12?
-926
172 (base 16) to base 15
19a
What is 13c8 (base 15) in base 2?
1000010001110
What is -8a9c (base 15) in base 10?
-29397
Convert -102201 (base 3) to base 15.
-161
3321 (base 9) to base 3
10100201
b64 (base 15) to base 5
40234
What is -7aa2 (base 12) in base 4?
-3111122
Convert cea (base 15) to base 4.
231220
Convert -94 (base 10) to base 2.
-1011110
What is 15205 (base 9) in base 14?
3acd
Convert -748 (base 10) to base 9.
-1021
Convert 24022 (base 5) to base 6.
12054
Convert -40040 (base 5) to base 4.
-213120
What is -c39 (base 16) in base 3?
-11021220
-414255 (base 6) to base 3
-1200202222
Convert -294 (base 14) to base 11.
-435
What is -d3c (base 14) in base 8?
-5052
Convert -404444 (base 5) to base 3.
-200000002
What is 8d0 (base 14) in base 8?
3326
11043 (base 5) to base 16
305
-769b (base 13) to base 2
-100000010001001
-1083 (base 11) to base 5
-21142
What is 23330 (base 4) in base 12?
538
What is -992 (base 16) in base 6?
-15202
Convert -313 (base 5) to base 14.
-5d
111100101 (base 2) to base 11
401
Convert 13313 (base 8) to base 9.
8003
1a (base 14) to base 16
18
What is -110 (base 11) in base 16?
-84
Convert -2da0 (base 14) to base 10.
-8176
What is -2001221 (base 3) in base 15?
-6aa
What is -2703 (base 8) in base 12?
-a2b
Convert 660d (base 15) to base 3.
1002122111
Convert -130302 (base 4) to base 5.
-24332
Convert -225 (base 10) to base 4.
-3201
Convert -1566